uppose 5*i - f - 55 = -4*f, 0 = y*i - 5*f - 7. List the prime factors of i.
2
Suppose 6*w - 3 = 3*w. Let c(z) = 23*z - 3. What are the prime factors of c(w)?
2, 5
Suppose 221 + 83 = 4*y. List the prime factors of y.
2, 19
Suppose 90 = -3*g - 3*p + 618, 2*g = 5*p + 317. List the prime factors of g.
3, 19
Let i be -3 - (-7)/(21/(-6)). Let d = 16 + i. What are the prime factors of d?
11
Let q(f) = f**2 + 2*f. What are the prime factors of q(-9)?
3, 7
List the prime factors of -5 + (4 - 3) + 17.
13
Suppose 3*n = -3*k + 9, -2 = -2*n - 12. Suppose -3*h + 4 = -k. Suppose 0 = p - 0*p + 4*g, 0 = h*p - 5*g - 42. List the prime factors of p.
2
Let r be -5 - -3 - 0 - -1. What are the prime factors of ((-4)/3)/(r/18)?
2, 3
Suppose 16*n - 924 = 9*n. What are the prime factors of n?
2, 3, 11
List the prime factors of ((-66)/(-5))/(2/10).
2, 3, 11
Suppose -42 = k - 7*k. List the prime factors of k.
7
Let k(w) = -w**3 - 6*w**2 - 12*w - 9. What are the prime factors of k(-4)?
7
Let z = -7 + 11. Let n be 0 + (1 - z) - -5. List the prime factors of 15/6 + 1/n.
3
Let w(q) = -q**3 + 8*q**2 + 3. Let f be w(8). Suppose -2*v - 20 = -f*v. List the prime factors of v.
2, 5
List the prime factors of (-14 + 15)/(-2*2/(-636)).
3, 53
Let x(m) = -m**3 - 2*m**2 - m. Let p = -9 - -7. What are the prime factors of x(p)?
2
Let y = 3 - -17. Let a be ((-10)/8)/((-5)/y). Suppose a*f - 2*f = 36. What are the prime factors of f?
2, 3
Suppose -3*y + 10 = 2*y, 0 = -p - 5*y - 14. What are the prime factors of (p/16)/(1/(-26))?
3, 13
Let w = -51 - -153. What are the prime factors of w?
2, 3, 17
Let u(h) = -6*h + 3. List the prime factors of u(-12).
3, 5
Let g(l) = -l**3 - 6*l**2 + 8*l + 4. List the prime factors of g(-8).
2, 17
Let f(k) = 2*k + 19. Let q be f(-8). Suppose q*a = -4*s + 52, 2*a = 4*s + a - 68. What are the prime factors of s?
2
Suppose 0 = -j + 28 - 7. What are the prime factors of j?
3, 7
Let o(i) = -i**2 - i + 1. Let v be o(2). Let d(g) = -g**3 - 6*g**2 - 6*g - 7. Let n be d(v). What are the prime factors of (-3)/3 - n - -12?
13
Let q = -59 + 99. Suppose 0 = -5*h + h + q. List the prime factors of h.
2, 5
Let z(c) be the first derivative of -3*c**3/2 - c**2 + 3*c - 2. Let a(p) be the first derivative of z(p). List the prime factors of a(-2).
2
Suppose 4*i = -5*f + 208 - 45, -3*i + 3*f + 102 = 0. List the prime factors of i.
37
Let y(w) = 8*w**3 + 3*w**2 - 7*w + 7. List the prime factors of y(2).
3, 23
Suppose -3*l + 33 + 81 = 0. List the prime factors of l.
2, 19
Let r(i) = 2*i - 10. Let t be r(12). What are the prime factors of 96/t - 5/(-35)?
7
Let h(g) = 0*g + g**2 - 3 + 0*g - g. What are the prime factors of h(-4)?
17
Let m be 1/(-4) - (-2303)/28. Suppose -5*j - r = -161, m = 5*j - 3*j - 4*r. What are the prime factors of j?
3, 11
Let p be (12/14)/((-3)/(-21)). Suppose -2*u = -p - 14. List the prime factors of u.
2, 5
Let v(d) = d**3 + 13*d**2 + 16*d + 12. List the prime factors of v(-6).
2, 3, 7
Let c = 8 + 39. List the prime factors of c.
47
Let k(f) = 0 - 2 + f - 4 + 2. Let n = 17 + -11. What are the prime factors of k(n)?
2
Let r = 3 + 2. List the prime factors of r.
5
Let j = 132 - 79. What are the prime factors of j?
53
Let s(n) = -n. Let j be s(-4). Suppose -8 = 4*g, -j*g = f - 2*g - 18. What are the prime factors of f?
2, 11
Let n(g) = g**3 - 3*g**2 + g + 1. Let v be n(3). Suppose -q - 10 = v*q. List the prime factors of (-38)/(-12) - q/(-12).
3
Let n(r) = 3*r**2 - 1. Let l be n(1). Suppose 0 = 4*m - l*m - 72. List the prime factors of m.
2, 3
Let b be (-2 + 132)/((-2)/(-2)). Suppose -2*v + b = -0*v. Suppose v = h + 4*h. List the prime factors of h.
13
Let i be (-1)/(411/414 + -1). Suppose -4*r - 42 = -i. List the prime factors of r.
2, 3
Suppose 9*z - 3250 = -4*z. What are the prime factors of z?
2, 5
Suppose 5*l - 4*l = 0. Suppose l*t - 12 = -4*t. Suppose 4*o - 8 = -w, 5*o - t = -3*w - 0. List the prime factors of o.
3
Suppose -3*o - 2 = -5*t, -5 = -t - 4*t. Let s = 17 - o. What are the prime factors of s?
2
Let c(x) = 2*x**2 + 6*x - 5. Let g be c(-4). Let h be (-1 + -1)/(-2) - 1. Suppose g = z - h*z. List the prime factors of z.
3
Let j = 137 + -95. List the prime factors of j.
2, 3, 7
Let s(n) = -8*n - 1. Let x be s(-3). Suppose 4*p - 44 = -4*f, -21 - x = -4*f + 5*p. What are the prime factors of f?
11
Let m(f) = f**3 + 17*f**2 + 14*f - 15. Let t be m(-16). Suppose 2*g + 5 = 13. Suppose g*w - 5*w + t = 0. What are the prime factors of w?
17
Let g = 12 - -8. Let a = g + -12. List the prime factors of a.
2
Let i(y) = -12*y. Let m be i(2). Let a = 56 + m. What are the prime factors of a?
2
Let f = 3 + 4. Suppose f*a = 2*a + 15. List the prime factors of a*2*(-3)/(-6).
3
Suppose 0 = 8*o - 6*o - 54. List the prime factors of 4/18 - (-1587)/o.
59
Suppose 2*m = 3*m - 4, 4*k - 100 = 3*m. Suppose -5*s - 2*o = -75, 5*s - k - 32 = -5*o. List the prime factors of s.
17
Let h = -11 - -46. Suppose -4*r + h + 25 = 0. List the prime factors of r.
3, 5
Let q(v) = -3*v + 1. Let d be q(-10). Let s = 70 - d. List the prime factors of s.
3, 13
Let a(y) = -3*y + y**3 - 1 - y**2 - 2*y**2 - y. List the prime factors of a(5).
29
Suppose 0*y + 4*y = -3*m + 5, -3*y + 3 = 3*m. Suppose -2*k - 2*k = -y*h - 74, -4*k + 39 = 5*h. What are the prime factors of k?
2
Suppose 0 = -0*b + 5*b + 5. Let o be b/(-2) - (-5)/(-2). What are the prime factors of (o/4)/(6/(-132))?
11
Suppose -95 = -4*b + 5*z, b - z - 25 = -0*z. List the prime factors of b.
2, 3, 5
Let j(y) = -2*y**3 - 4*y + 1. Let n(a) = -a**2 - 1. Let w(m) = j(m) + 4*n(m). Let v = 4 + -6. What are the prime factors of w(v)?
5
Let y(z) = 11*z + 31. What are the prime factors of y(13)?
2, 3, 29
Let p = -8 - -14. Suppose p*c - 11*c = -60. List the prime factors of c.
2, 3
Suppose 4*f + 5*r = 9 + 98, -49 = -2*f - r. Suppose -4*q + 5 + f = -n, -5*q - 5*n = -10. Suppose q = 4*v - 6. What are the prime factors of v?
3
Suppose 2*x + 18 = -3*r, -2*r - 30 = 3*r - 3*x. Let b = 37 - 52. List the prime factors of (r/(-10))/((-3)/b).
3
Suppose 0 = -5*p - 0*x - x + 477, 3*x - 291 = -3*p. List the prime factors of p.
5, 19
Suppose -3*c + 150 = -5*l - 0*l, 0 = c + l - 58. What are the prime factors of c?
5, 11
Let l(x) = 44*x**3 - 2*x**2 + 4*x - 2. List the prime factors of l(1).
2, 11
Let i(j) = -1 + 0 + 4*j**3 - 5*j**3. Let v be i(0). List the prime factors of (-8 + 1)/(0 + v).
7
Let q(r) = r**3 - 4*r**2 + 4*r + 1. Let f be q(3). Suppose 0 = -f*h + 48 + 4. List the prime factors of h.
13
Let u = 10 - -3. List the prime factors of u.
13
Suppose -2*a - n + 3 = 0, -4 - 17 = a + 5*n. Let c(q) = -q**2 + 2*q + 4. Let r be c(a). What are the prime factors of (4/(-5))/(r/50)?
2, 5
Let i(r) = r**2 - r - 1. Let x be i(-1). Let a be 1*(-2 + x)*3. What are the prime factors of 7 - 9 - a*5?
13
Suppose 0 = 2*s - 127 - 5. List the prime factors of (-12)/s - (-554)/22.
5
Let i(q) = -q**3 + 6*q**2 - 4*q + 4. What are the prime factors of i(3)?
19
List the prime factors of (-32)/(-48) + (-2 - (-668)/6).
2, 5, 11
Suppose 292 = 3*k - 26. Suppose -4*x - 4*w + k = -x, -5*w + 140 = 4*x. List the prime factors of x.
2, 3, 5
Suppose x - 3 - 2 = 0. Suppose 0*r = -5*s + r + 107, 91 = 4*s + r. Suppose x*q - s = 3*q. What are the prime factors of q?
11
Suppose 205 = 5*q + 5*d, -d = q + q - 85. What are the prime factors of q?
2, 11
Let k be ((-12)/(-18))/(6/549). Let t = k - 4. List the prime factors of t.
3, 19
Suppose 2*u + 0 + 2 = h, 0 = 3*u - 4*h + 8. Suppose u = q - 2. List the prime factors of q.
2
Let t be (2 - 3 - -1)/1. Suppose t = 2*q + 7 - 1. Let v(h) = h**3 + 5*h**2 + 5*h + 3. What are the prime factors of v(q)?
2, 3
Suppose z + 2*s - 42 = 0, -2*z + 5*s = -4*z + 87. What are the prime factors of z?
2, 3
Let h(m) = 50*m**2 + 2*m + 1. What are the prime factors of h(-1)?
7
Suppose 0 = 5*b - 2*c - 203, 0 = -c - c - 8. What are the prime factors of b?
3, 13
Let o(q) = -q**2 - 26*q - 33. What are the prime factors of o(-20)?
3, 29
Let z = -385 + 549. What are the prime factors of z?
2, 41
Let q be 17*(3/3 + 1). Let t = -19 + q. What are the prime factors of t?
3, 5
Let l be 2/(-2)*-1*3. Let f be ((-4)/(-5))/(4/20). Suppose -4*b + 40 = f*r - 0*b, -l*r + 24 = -3*b. List the prime factors of r.
3
Let y be 1/((-3 + 1)/(-20)). Suppose -5*a + y = -140. List the prime fac